 + -38 + 29 - 12 - 23
-1
What is (56 + -27 - 27) + 14?
16
Calculate -34 + (83 - 47) - -7.
9
Calculate -1717 - -1632 - (-65 + -1).
-19
102 + 0 - (-22 + 92 - 62 - (20 + 2))
116
Evaluate 197 + -241 - (0 - 135).
91
What is the value of (2 - 0) + -17 + 13 + -1 + -1 + -53?
-57
Evaluate (38 - 29) + 16 - 56.
-31
What is the value of (-16 + 5 + -7 - 12) + 5 - (1 - -1)?
-27
Calculate (48 - 8) + (-241 - -109).
-92
Evaluate (1781 - 1831) + (0 - -17).
-33
What is 88 + -140 - (-3 - (-2 - (-5 + (4 - 2))))?
-48
Evaluate 34 + 2 + (-2 + -6 - 9) + (6 - -16).
41
Evaluate 784 + -800 + (6 - -10).
0
What is the value of (44 + -33 + 23 - 16) + 17?
35
What is -32 + 85 - 52 - (2 + 2)?
-3
What is the value of -107 - -47 - (-2 - (-3 + -8)) - (-18 - -22)?
-73
Calculate (-3 - (37 + 30 + -30)) + 100.
60
Evaluate (0 - 43) + -7967 + 7989.
-21
Evaluate 68 - -11 - (148 - 97).
28
What is 1 + 0 + -5 + -16 - (-290 + 252)?
18
Calculate (-83 + 0 - (20 + (-105 - -93))) + 1.
-90
What is the value of -5 + (15 - 5) + -1 - (-258 - -143)?
119
What is the value of (3354 - 3350) + -19 + 2?
-13
Calculate 63 - (59 + (-33 - -1)) - 5.
31
What is the value of -23 - (9 - 27 - 9) - 32?
-28
What is the value of -8 - (-15 - (-37 - (-12 + (-2 - -2))))?
-18
Evaluate 9 - (82 - (-6 + 4 - -11)) - (-8 - -11).
-67
(22 - 1) + (13 - 18) + -9 - 6
1
Calculate 41 + (-45 - 25) + 17.
-12
-14 - ((-1 - 6) + -51 + 46) - (2 - -106)
-110
What is 3 + -33 + 26 + -5 + -9 + 18?
0
What is the value of (4 + -4 + 2 - -95) + -28 + 9 + 18?
96
Calculate 55 + -166 + 66 - -30.
-15
What is the value of -9 - (-12 + 15 + (-4 - -10))?
-18
What is the value of (-37 - 45) + 45 - -42?
5
Calculate (2 - 0) + -8 + (-56 - (-122 - -24) - 77).
-41
Calculate 3 + (0 - 0) - (-20 - -24) - -21.
20
What is the value of (582 - 583) + 0 + (0 - 0) + 16?
15
-50 - 0 - (19 - -22 - (87 + -50))
-54
What is the value of (-2 - 64) + 95 - (1 + 7)?
21
4 - (48 + (-47 - 59))
62
61 - (-25 + (44 + -14 - 6))
62
Evaluate 1118 + -1114 - (23 - -1) - -13 - (0 - 63).
56
What is the value of 0 - -6 - (7 + 14 + 40 + (19 - -76))?
-150
22 + (-4 - -2 - 0 - 1) + (0 - 7)
12
Calculate -29 + (96 - (-39 - -68)).
38
Evaluate 112 + (-17 - -41 - 38 - 10).
88
53 + 2 + 1 - (4786 + -4775)
45
27 - (112 + -105 + 17)
3
What is the value of (-89 - -62) + -148 + 90?
-85
What is -182 + 284 + -4 + -70?
28
What is the value of (-875 - -286) + 657 + (2 + 0 - (0 - 1))?
71
What is the value of 44 + 1 + -64 - -35 - 153?
-137
(-4 - -15) + (-14 - (35 + (17 - 35)))
-20
(11 - 18) + -54 + 10 - -5
-46
Calculate (425 + -414 - ((-1 - -2) + 15)) + 4 + -1.
-2
Calculate -9 - (-50 + 15 + 43).
-17
What is the value of 2 - (-6 + 3) - (49 + (-101 - -54))?
3
Evaluate -35 - (-17 + 10 + -9) - -54.
35
What is the value of (-1 - -84) + (380 - 454)?
9
13 - (-50 - (0 + -13))
50
What is -63 - -66 - (9 + -37)?
31
Evaluate 13 + -8 - ((3 - 12) + (12 - -85 - 3)).
-80
Calculate -25 - (22 - (-7 + (-1 - 3) - (-3 - 20))).
-35
Calculate 15 + 9 + (20 - 35) + 21.
30
Calculate 19 - ((-127 - -133) + (-1 - 1)).
15
8 - 1 - (81 + -16 + (-8 - 6))
-44
-18 + (-72 - -67) + -52
-75
5 - (22 + 0 + 5 + -6) - -10
-6
Calculate (40 - (1 + (3 - -2 - -5) + -10)) + 4.
43
1 + -29 + 10 + -2 + (-14 - -116)
82
-26 + (-65 - -71) - 27
-47
-19 - (-68 + (34 - -17))
-2
What is -49 - ((-1 + -1 - -12) + (46 - 41))?
-64
Calculate -17 - (-59 + 54 + -20).
8
16 + 20 + (-10 - -9)
35
(55 - (-58 + 115) - (117 + 1)) + -10 + 2
-128
What is 0 - (5 + (-6 - -2) - (0 + -4) - 33)?
28
(-328 - -314 - (-1 - 41)) + 0 + 1 + -10
19
(7 - 14) + 13 - -37 - 9
34
Calculate -47 + 19 + 0 - 8.
-36
Evaluate 30 + (1 - -19) + (-2 - -12) + -21.
39
Calculate 29 + -9 + (56 - 36) + -70.
-30
Calculate 93 + 1 + (10 - (-26 + 37) - -5).
98
Evaluate (10 - -1) + 26 + -23 - -10.
24
-1 + -1 + 6 - (43 + (15 - 4) + 33)
-83
Calculate 85 + -64 + -41 + 68.
48
What is -5 + 48 + -24 + -50?
-31
What is (-21 - (14 - -22)) + (10 - 0)?
-47
What is -45 - ((33 - 159) + 39)?
42
Calculate (-8 + -5 + -7 - (-24 + 22)) + 26.
8
What is the value of (-9 - (-4 + -3 + -9 + 22)) + 8?
-7
Calculate (-58 - -131) + -60 - (5 + (141 - -1)).
-134
What is the value of (-1 + -3 - 1) + -12 + (-90 - -109)?
2
Evaluate (-2 - -1 - 2) + 577 + -582 + 7 + 1.
0
Calculate 25 + -186 + 190 + 5 + -1.
33
Evaluate 17 + -1 + -1 + (66 - -3) + -74 + -57.
-47
Calculate 66 + 4 - (1589 - 1560).
41
Calculate -2 + (-29 - (26 - (20 - -21))).
-16
Calculate -10 - -41 - 21 - (-62 - 39).
111
Calculate (105 - 8) + (149 - 204).
42
What is the value of (105 - 49) + -119 - -58?
-5
Evaluate -2 - 93 - ((-3 - 20) + (-39 + 11 - -42)).
-86
Calculate (57 - 68) + (27 - -20).
36
9 - (23 - ((-49 - -51) + (0 - 6)))
-18
Evaluate 5 + (-64 - (-147 + 36)).
52
What is the value of -543 - -528 - (-2 + 6 - -8) - -8?
-19
What is -2 + 5 - (-48 + 31 - -28) - 18?
-26
-26 + (81 - (40 - -5))
10
Evaluate -91 + -44 + (-117 - -208).
-44
Calculate -15 + (28 - 14) + -20 + 9 - -11.
-1
What is -13 + (1 - 78 - -126)?
36
What is the value of 7 + (-50 - 6) + (1 - -7) + 13?
-28
What is the value of -91 + -28 + 280 + -93?
68
(20 - ((-14 - -28) + -8)) + (1 - 4 - 79)
-68
Calculate -3 - (86 - (0 + 3 + 22 + -22)).
-86
What is 554 + -494 + (0 - -5) + -23?
42
What is -18 + (33 + 62 - 106 - (0 - -4))?
-33
Calculate 9 + (-31 - -16) + (-17 - 9).
-32
What is the value of 2 + 1 + (-15 + -3 + 15 - 0) + -6?
-6
What is the value of (-23 - 7 - -39) + -50?
-41
-1 - (36 - (26 + 23)) - -85
97
9 + (47 - 105) + 46
-3
What is 37 + -165 + 57 + -44?
-115
Evaluate 66 + (20 - 97) - ((-4 - -3) + -38).
28
Evaluate 42 + 2 + (4 - 13) + 31 + (9 - 29).
46
What is the value of -24 + (62 - 30) - (4 + (0 - -37))?
-33
Evaluate (2 + 0 - (11 - 14)) + (-4 - (16 - 3)).
-12
What is the value of -128 - (13 + -4 + -102)?
-35
What is the value of -1 - (-122 + 119 - (-39 - 1) - 11)?
-27
(19 + -11 + -6 - -6) + -15
-7
(-14 - (16 + 17) - 37) + (5 - 1)
-80
(728 - 749) + (-1 - ((-2 - -3) + 12))
-35
What is (2 + -9 - 1) + 15 + (-1 - 7)?
-1
-38 + 21 + (1 + 96 - (96 + -75))
59
Evaluate -13 + 104 + 388 + -551.
-72
Evaluate 8 + -29 + (20 - 15) + 12.
-4
What is (24 - (40 - 5)) + -2 + -37 + -3?
-53
What is 101 - (332 - (222 + -118))?
-127
What is the value of 6 + -17 - (-254 - -256)?
-13
What is the value of 10 + (5 - (-4 + 9)) + (103 - 125)?
-12
What is the value of 3 + -3 + -4 + -10 + 34 - 11?
9
What is -4 + 3 + 3 - (87 + -3) - (17 - 5)?
-94
53 - ((-42 - 30 - -25) + 14)
86
What is 35 - (6 - -24) - (54 - 2)?
-47
Evaluate 519 + -574 + (16 - -1).
-38
-75 - ((3 - -18) + -60)
-36
Evaluate 133 + -254 - -41 - 5.
-85
What is -17 + (-33 - -36) + 37?
23
(-14 - (-4 - -2)) + (-13850 - -13875)
13
What is the value of 30 + -13 + 16 + (-11 + 2 - (2 + -5))?
27
2 - (5 + -6) - (33 + -22 + -28 + 34)
-14
What is -12 + (1 + -4 - -3) - (-451 - -418)?
21
43 + 19 + 37 - 54
45
-37 + -2 - (44 - 47)
-36
What is the value of 0 - -42 - (224 - 215) - (5 - (-9 + 9))?
28
(-35 - (-25 - 61)) + (2 - 6)
47
Calculate (7 - -3) + 25 + (-7 + -5 - -8).
31
Evaluate (13 + 67 - 46) + -63.
-29
Evaluate 29 + -30 + 38 + -11 - -65.
91
Evaluate 0 + 3 + 21 + ((1 - 0) + -1 - -8).
32
What is (1 - -9) + -26 + 0 + (-312 - -252)?
-76
Evaluate 1 + -25 - (1202 - 1176).
-50
What is the value of -11 - (13 - 11 - -7) - 9?
-29
Evaluate 2 + -43 - (-9 - (3 - (1 + -4))).
-26
-3 + 56 - (118 + -117)
52
What is the value of 334 + -458 - ((5 - 55) + 8)?
-82
What is the value of (-1 + -8 + (225 - 206) - (-9 + 114)) + 14?
-81
-57 + (262 - 50 - 52)
103
Calculate 23 - ((38 - 27 - -14) + 95).
-97
-10 + (3 - (-3 + -22)) + -54
-36
What is the value of -2 - (-16 - -26) - (6 + -12 + -133 - 3)?
130
Calculate 19 - (-10 - (-7 + -2)) - (98 + 10).
-88
63 + 19 + -67 + -15
0
73 + -41 + (85 - (42 + -17))
92
What is the value of 176 + -98 + -87 - -33?
24
What is the value of (12 + -6 - 12 - -22) + 5?
21
67 + -55 - (-22 + (-3 - -7))
30
Evaluate (4 - (14 + -6) - (-10 + 12 + -6)) + -62.
-62
What is (5 - 4) + -16 + 5 + (87 - (35 + -7))?
49
What is (57 - -2 - -2) + (-13 + 23 + 6 - 9)?
68
Evaluate -3 + (28 - 35) + -8 + (-1 - (2 - 2)).
-19
What is -2 - ((-11 + 18 - (-131 + 22)) + -19)?
-99
(-37 + -20 + 93 - 46) + -53 + 0 + -1
-64
What is 23 - (-263 + 303 + (1 - 21))?
3
What is the value of -3 - -33 - ((27 - -116) + -44)?
-69
What is the value of (8 - -44) + -33 + 24 + (5 - -5)?
53
What is the value of (24 - 3) + -8 + -87 + -1 + -2?
-77
Wh